et r = -23 + 27. Suppose k + k - 4*d = 938, -4*k + r*d = -1896. Is k a prime number?
True
Let t(f) = -121*f - 29. Let k(i) = 81*i + 19. Let s be (-16)/3*6/4. Let r(a) = s*k(a) - 5*t(a). Is r(-6) a composite number?
False
Let s = -4363 + 7302. Is s composite?
False
Let p(f) be the second derivative of 55*f**4/12 + 5*f**3/6 + 5*f**2/2 + 10*f. Is p(-2) composite?
True
Suppose -10*f = 4*s - 12*f - 51294, -s = 3*f - 12806. Is s a prime number?
True
Suppose -219*b + 13894 = -217*b. Is b composite?
False
Let t(j) = 102*j**2 - j + 1. Suppose 18 - 5 = -2*a + 5*l, l = 1. Is t(a) composite?
False
Let a(t) = t**3 + 10*t**2 - 11*t - 8. Let f be a(-11). Let p = f + 12. Suppose -b - 2*j - j = -169, p*j = -4*b + 644. Is b prime?
True
Suppose 0 = -2*x - 0 - 8, -5*c = -5*x - 434435. Is c prime?
False
Let t(m) = -89*m. Let u(f) = -f**2 - 5 - 7*f - 4*f - 6. Let j be u(-10). Is t(j) composite?
False
Let y(p) = 64*p**3 - p. Let v be y(-1). Let l = v + 148. Suppose -3*o + l = -146. Is o a composite number?
True
Let o(a) = 19*a**3 + 11*a**2 - 5*a - 11. Is o(4) prime?
True
Let m be ((-6296)/(-6))/(10/15). Let u = 134 + m. Suppose 2*i + 2*i = u. Is i composite?
True
Let x(g) be the third derivative of -g**5/60 - 17*g**4/24 - 13*g**3/6 - 62*g**2. Let i(q) = 13*q**3 + q**2 - q - 1. Let y be i(-1). Is x(y) composite?
False
Let u be 3/(-18) - (-129)/18. Suppose 0 = -4*t - 2*z + 658, -8 = -5*z + u. Is t prime?
True
Is 0 + -5*(-59766)/70 a prime number?
False
Suppose -7*w = -18*w + 466719. Is w a prime number?
False
Suppose -3*w - 3*a = -36, -w = -2*a + a - 10. Suppose 9*t + w*t = 12820. Is t a composite number?
False
Let l be -2 + 3 - (5 - 4). Suppose 0 = 2*o - l*o. Suppose -3*k + 1999 = 3*s + k, o = -2*s + k + 1351. Is s a composite number?
False
Let r(m) = -178*m**3 - 62*m**2 - 326*m - 3. Is r(-5) a composite number?
True
Let i(c) = -176*c**3 - 2*c - 1. Let s be i(2). Let f = 1432 + -3612. Let l = s - f. Is l a prime number?
False
Let n = 50 - 26. Is 41091/18 - (-4)/n a prime number?
False
Let m be (24 - 22)*(-1 - -7). Suppose -s = -4*r - 165, -4 = -4*r - m. Is s prime?
True
Let m = 1002 + 2689. Is m composite?
False
Let f(n) = 102*n**2 + 2*n - 3. Is f(-5) a composite number?
True
Let o be (3/3)/3*0. Suppose -g = a - 29, o = 2*a - 3*a + g + 39. Suppose -5*i = 3*x - 161, i - 2*x + 7 - a = 0. Is i a prime number?
True
Let w be (-1 - 10/(-6))*-12. Is (w/4)/(6/(-921)) a composite number?
False
Let v = -2885 - -7132. Is v composite?
True
Let u = 4505 - 3214. Is u a composite number?
False
Suppose -2*g + 19 = 3. Let u be 0/(-3*g/12). Suppose 12*l - 13*l + 395 = u. Is l a composite number?
True
Let g = -16 - -18. Suppose -876 = -g*r - 3*r + 3*p, 0 = -4*p - 8. Suppose 5*f = -5*w + 290, -3*f - 2*w + r = -0*w. Is f a composite number?
True
Suppose y + 2*s - 1519 = 0, -2 = -2*s - 12. Let c = 2160 - y. Is c a prime number?
True
Let k(j) = -214*j + 89. Is k(-12) a composite number?
False
Let l(c) = -19*c + 403. Is l(8) prime?
True
Let h = 36753 - 14450. Is h a prime number?
True
Let s(f) = 34*f - 10*f - 25 + 12*f. Is s(6) prime?
True
Suppose 37*r + 43*r - 4098320 = 0. Is r prime?
True
Is 4/6 + 32497280/384 a prime number?
True
Let g = 3287 + 2148. Is g prime?
False
Suppose 0 = -35*v + 33*v. Is (v + -1553)/(1/(-1)) a composite number?
False
Let l(z) = 144*z**2 + 20*z + 27. Is l(-4) composite?
False
Let n be (-9)/(-6)*(-1 + 14/6). Let t(f) = 734*f + 3. Is t(n) a prime number?
True
Let a be (-6)/((-4)/16*6). Suppose z - 219 = 3*f, -a*z + 166 = 3*f - 740. Suppose -t + z = o, -661 = -3*t + o + 3*o. Is t composite?
False
Let t = -2834 - -4735. Is t prime?
True
Suppose 2*s - 9152 = -o, -5*o + 14146 = 2*s + 4978. Is s composite?
True
Suppose 8*c - 12*c + 89468 = 0. Is c composite?
False
Let q = 3750 - -4243. Suppose 4*h = -5*a - 25309, 5*a - 5*h + 17352 = -q. Is a/(-20) + (-1)/4 a composite number?
True
Suppose -k + 6*k = 2*x - 1, -3*k - 3*x - 9 = 0. Let j(o) be the first derivative of -167*o**4 - o**2 - o + 2. Is j(k) a composite number?
True
Let u be 6/2 + -3 + 503. Let w = 1132 - u. Is w a prime number?
False
Let z = -9 + 17. Is ((-1780)/z)/((-1)/2) composite?
True
Suppose 3*r - 2421 = -3*i, -2*i - 4773 = -5*r - 745. Let t = 10 + -15. Is 7/(-35) - r/t a prime number?
False
Suppose 0 = -4*y - 8 + 16. Suppose 0 = -y*l + 5*z + 2325, -10 + 1180 = l + 5*z. Let i = -792 + l. Is i a composite number?
False
Suppose -2*b + 41990 = 4*n, 0 = -b + 4*n + 12674 + 8339. Is b a composite number?
False
Let q = 49 + -61. Is (-3014)/q + (-12)/72 a prime number?
True
Let h be (4/6)/(((-2)/(-1))/(-60)). Let q = 11 - h. Is q prime?
True
Let w(d) = d**3 - 9*d**2 - 24*d + 26. Let j be w(16). Suppose 5*f = 1271 + j. Is f composite?
False
Suppose -3 = 3*b + 9. Is (-5322)/(-9)*(-6)/b prime?
True
Suppose 2*h - 4*v + 36013 = 134883, 197707 = 4*h + 3*v. Is h composite?
False
Is (-3525)/(-100)*652/3 prime?
False
Let f(c) be the third derivative of 3*c**4/8 + 2*c**3 - 3*c**2. Let k be f(7). Suppose -6*j - k + 303 = 0. Is j composite?
True
Suppose 4*a - 30408 = -n, -4*n - 18 = -2. Is a prime?
True
Let q = 7 - 2. Suppose -q*j + 2*x + 2035 = 0, 4*x - 86 = -3*j + 1161. Is j composite?
False
Is (-5*(-1 + 3))/((-6)/5793) prime?
False
Suppose 0 = -5*q + 2*z + 11532 + 1043, 10 = -2*z. Suppose -3*l - 2154 = 2*m + q, -3*l - 3 = 0. Is 4/18 - m/36 a prime number?
False
Suppose 25*h = 22*h + 606. Let n = -125 + h. Is n a prime number?
False
Suppose 5*u - 6*u - 76980 = -5*g, 0 = 3*g + 4*u - 46165. Is g a composite number?
True
Suppose -4*z - 109396 = -32*z. Is z a composite number?
False
Let x = -16 + 14. Let k = x - 7. Is 93/k*-3 + 2 a prime number?
False
Let w be ((-1)/(-1))/((-3)/6). Is w + 4 + -4 + 33 prime?
True
Let v(u) = 2*u - 32. Let j be v(16). Suppose j = 5*t - 4*t - 614. Is 2*t/12*3 prime?
True
Let h(f) be the second derivative of 41*f**4/12 + 14*f**3/3 - f**2 + 7*f. Is h(7) composite?
False
Let t(b) = -21*b + 2. Let w be t(-2). Let l(f) = -f**3 - 13*f**2 - 2*f - 27. Let d be l(-13). Is (1 + w/(-2))/d a prime number?
False
Let q(c) = 2*c**3 - 13*c**2 + 10*c + 8. Suppose -35 = -9*v + 4*v. Is q(v) a prime number?
True
Let t(f) = 33*f**2 + 23*f - 119. Is t(9) prime?
False
Suppose 2*f + 3*f - 175 = 4*j, -5*f = 2*j - 175. Let r = f - -110. Is r a composite number?
True
Let w be (-2)/((-798)/(-270) + (0 - 3)). Is (15/w)/(((-2)/(-201))/2) a prime number?
True
Suppose 0 = -2*s - 2*w + 10806, -2*s - w = 3285 - 14087. Is s composite?
False
Let p(j) = 125*j**2 + 12. Let s be p(-7). Let z = -3204 + s. Is z composite?
True
Let x be 2390/14*-1 - (-4)/(-14). Let n = 25 + -47. Let t = n - x. Is t prime?
True
Suppose 42*l - 49*l = -1778. Let k = -135 + l. Is k a prime number?
False
Let y be ((-2)/(-7))/(17/357). Suppose -y*g + 35755 = -g. Is g a composite number?
False
Let m be 1 + -272 + (-1 - 14)/(-5). Let u = m + 4115. Is u a composite number?
False
Let q(a) = -a**3 + 2*a**2 + 4. Let s = 15 + -20. Is q(s) composite?
False
Let l = 44690 + -24529. Is l a composite number?
False
Let w(z) = -303*z + 2. Let n be w(-2). Suppose -u + n = -3*c, 2*u + 0*u + 5*c - 1271 = 0. Is u composite?
True
Let h(d) = 587*d - 392. Is h(17) a composite number?
False
Suppose -2*z = 4*t - 46396, 0 = -12*t + 7*t + 4*z + 57969. Is t a prime number?
True
Suppose 0 = -26*k + k + 75475. Is k a prime number?
True
Suppose -4*c + 10 = 2*l + 3*l, l + 2*c - 2 = 0. Suppose -l*k + 5*k = 0. Is k - 446/(4/(-2)) composite?
False
Let a be ((-6)/2)/(-9)*12. Suppose -f + 5*m = -143, -134 = -0*f - f - a*m. Suppose -3*w + f = -w. Is w a composite number?
True
Suppose 5*j - 10 = 0, -4*f - 5*j + 822 = -216. Is f a composite number?
False
Suppose -5*z + 4*x = 76, -3*x + 4*x = 4. Let b be (z/(-3))/(-12)*-9. Is b*(390/9 + 3) composite?
False
Suppose -2*a = -4*a + 24. Let o be (125 + -35)*(-3)/(-18). Is 106/a*2*o composite?
True
Suppose 24*p - 16*p = 69712. Is p a prime number?
False
Let u = 6 - 1. Suppose u*a - 5*q = 13975, 0 = -2*a + 5*a - 4*q - 8381. Suppose 6*b - a - 3387 = 0. Is b a prime number?
True
Let t = -8 - -13. Suppose 1 = -t*s + 31. Is s/(-2) + 2 - -332 a composite number?
False
Let b be 177 + 51 - 3/((-3)/(-4)). Suppose 1778 - b = 14*y. Is y prime?
False
Suppose -5*m - 24*g = -21*g - 4397, -3*m + 2*g + 2623 = 0. Is m a prime number?
True
Let j(n) = 25 - 86*n + 46*n + 3